{"id":218,"date":"2025-07-08T23:50:09","date_gmt":"2025-07-08T23:50:09","guid":{"rendered":"https:\/\/oidecs.org\/about\/"},"modified":"2025-07-14T18:23:53","modified_gmt":"2025-07-14T18:23:53","slug":"about","status":"publish","type":"page","link":"https:\/\/oidecs.org\/?page_id=218","title":{"rendered":"About"},"content":{"rendered":"\n<div class=\"wp-block-uagb-container uagb-block-f6474934 alignfull uagb-is-root-container\"><div class=\"uagb-container-inner-blocks-wrap\">\n<div class=\"wp-block-uagb-advanced-heading uagb-block-b47deef7\"><h1 class=\"uagb-heading-text\">Acerca de\u200b la OIDECS<\/h1><\/div>\n<\/div><\/div>\n\n\n\n<div class=\"wp-block-uagb-container uagb-block-da5d164a alignfull uagb-is-root-container\"><div class=\"uagb-container-inner-blocks-wrap\">\n<div class=\"wp-block-uagb-advanced-heading uagb-block-7d9c3655\"><h2 class=\"uagb-heading-text\">Fundada en 1.999\u200b<\/h2><\/div>\n\n\n\n<div class=\"wp-block-uagb-container uagb-block-fdfc0364\">\n<div class=\"wp-block-uagb-info-box uagb-block-0ef86749 uagb-infobox__content-wrap  uagb-infobox-icon-above-title uagb-infobox-image-valign-top\"><div class=\"uagb-ifb-content\"><div class=\"uagb-ifb-title-wrap\"><span class=\"uagb-ifb-title-prefix\">Es una organizaci\u00f3n no gubernamental con amplia experiencia en elaboraci\u00f3n y desarrollo de proyectos, as\u00ed como en promover las \u00e1reas de investigaci\u00f3n, educaci\u00f3n y participaci\u00f3n ciudadana, con una trayectoria y experiencia de m\u00e1s de 26 a\u00f1os.<br><br>Nuestra perspectiva interdisciplinaria y participativa, aspira potenciar las habilidades locales y la construcci\u00f3n de liderazgos dedicados al cambio social. Nos enfocamos en campos fundamentales como la educaci\u00f3n, los derechos humanos, la igualdad como valor intr\u00ednseco, el progreso sostenible y la gesti\u00f3n democr\u00e1tica, favoreciendo el progreso de sociedades m\u00e1s equitativas e informadas. Para ello, disponemos de un equipo de expertos que posee los conocimientos necesarios para crear un servicio efectivo, personalizado y oportuno.<br><br>No se busca sustituir las acciones de las Municipalidades, Estados u Organismos internacionales en sus respectivos pa\u00edses, sino m\u00e1s bien de asistir y cubrir en aquellos sectores donde los grupos locales consideren que las pol\u00edticas sociales o econ\u00f3micas son poco satisfactorias para ellos. Adem\u00e1s de profundizar mediante la investigaci\u00f3n cada uno de los aspectos que sean de relevancia para el desarrollo comunitario.<br><br>Su radio de acci\u00f3n involucra desde un nivel local hasta el internacional, en cuanto al financiamiento de actividades suele provenir de diferentes fuentes: Entidades locales, nacionales e internacionales, corporaciones, individuos, otras organizaciones no gubernamentales, entre otros, siempre respetando las normativas legales de cada uno de los pa\u00edses donde se act\u00fae.<\/span><\/div><\/div><\/div>\n\n\n\n<div class=\"wp-block-uagb-advanced-heading uagb-block-930e46bc\"><\/div>\n<\/div>\n<\/div><\/div>\n\n\n\n<div class=\"wp-block-uagb-container uagb-layout-flex uagb-block-e28cfc75 alignwide uagb-is-root-container\">\n<div class=\"wp-block-uagb-advanced-heading uagb-block-eda63079\"><h2 class=\"uagb-heading-text\">Misi\u00f3n\u200b<\/h2><p class=\"uagb-desc-text\">Contribuir al fortalecimiento del desarrollo social sostenible mediante la generaci\u00f3n, aplicaci\u00f3n y transferencia de conocimiento cient\u00edfico en el campo de las ciencias sociales, integrando enfoques interdisciplinarios, metodolog\u00edas participativas y criterios de equidad e inclusi\u00f3n. Orientamos nuestro accionar al dise\u00f1o, ejecuci\u00f3n y evaluaci\u00f3n de proyectos, investigaciones y programas educativos que incidan en la mejora de las condiciones de vida de poblaciones vulnerables, el fomento de la ciudadan\u00eda activa, la promoci\u00f3n de los derechos humanos y la consolidaci\u00f3n de liderazgos comunitarios, articulando esfuerzos con actores p\u00fablicos, privados, locales, nacionales e internacionales.<\/p><\/div>\n\n\n\n<div class=\"wp-block-uagb-advanced-heading uagb-block-85427a9f\"><h2 class=\"uagb-heading-text\">Visi\u00f3n\u200b<\/h2><p class=\"uagb-desc-text\">Consolidarse como una organizaci\u00f3n de referencia en el \u00e1mbito de las ciencias sociales aplicadas, reconocida por su excelencia en la investigaci\u00f3n interdisciplinaria, la formaci\u00f3n ciudadana y la gesti\u00f3n de proyectos de desarrollo social, as\u00ed como una organizaci\u00f3n que permita la recepci\u00f3n y distribuci\u00f3n adecuada de Donaciones. Aspiramos a posicionarnos como un actor clave en la generaci\u00f3n de conocimiento \u00fatil para la toma de decisiones, la formulaci\u00f3n de pol\u00edticas p\u00fablicas y el fortalecimiento de capacidades locales, contribuyendo activamente a la transformaci\u00f3n de contextos sociales mediante pr\u00e1cticas inclusivas, \u00e9ticas y sostenibles en el marco de una gobernanza democr\u00e1tica.<\/p><\/div>\n<\/div>\n\n\n\n<div class=\"wp-block-uagb-container uagb-layout-flex uagb-block-0fdb918f alignwide uagb-is-root-container\">\n<div class=\"wp-block-uagb-container uagb-block-71dada46\">\n<div class=\"wp-block-uagb-advanced-heading uagb-block-a02633d9\"><h2 class=\"uagb-heading-text\">Objetivos\u200b<\/h2><\/div>\n\n\n\n<div class=\"wp-block-uagb-advanced-heading uagb-block-b0b3bb4f\"><h2 class=\"uagb-heading-text\">Objetivos\u200b Generales<\/h2><\/div>\n\n\n\n<div class=\"wp-block-uagb-icon-list uagb-block-825df87f\"><div class=\"uagb-icon-list__wrap\">\n<div class=\"wp-block-uagb-icon-list-child uagb-block-263d9029\"><a target=\"_self\" aria-label=\"Fomentar la investigaci\u00f3n cient\u00edfica en el \u00e1mbito de las ciencias sociales, con un enfoque participativo e interdisciplinario que contribuya a la soluci\u00f3n de problem\u00e1ticas sociales complejas.\" rel=\"noopener noreferrer\" href=\"#\"> <\/a><span class=\"uagb-icon-list__source-wrap\"><svg xmlns=\"https:\/\/www.w3.org\/2000\/svg\" viewBox=\"0 0 256 512\"><path d=\"M118.6 105.4l128 127.1C252.9 239.6 256 247.8 256 255.1s-3.125 16.38-9.375 22.63l-128 127.1c-9.156 9.156-22.91 11.9-34.88 6.943S64 396.9 64 383.1V128c0-12.94 7.781-24.62 19.75-29.58S109.5 96.23 118.6 105.4z\"><\/path><\/svg><\/span><span class=\"uagb-icon-list__label\"><strong>Fomentar la investigaci\u00f3n cient\u00edfica<\/strong> en el \u00e1mbito de las ciencias sociales, con un enfoque participativo e interdisciplinario que contribuya a la soluci\u00f3n de problem\u00e1ticas sociales complejas.<br><\/span><\/div>\n\n\n\n<div class=\"wp-block-uagb-icon-list-child uagb-block-29da0237\"><a target=\"_self\" aria-label=\"\u200bPromover la formaci\u00f3n ciudadana y educativa a trav\u00e9s de programas, talleres y proyectos que desarrollen capacidades locales y fortalezcan el tejido social.\" rel=\"noopener noreferrer\" href=\"#\"> <\/a><span class=\"uagb-icon-list__source-wrap\"><svg xmlns=\"https:\/\/www.w3.org\/2000\/svg\" viewBox=\"0 0 256 512\"><path d=\"M118.6 105.4l128 127.1C252.9 239.6 256 247.8 256 255.1s-3.125 16.38-9.375 22.63l-128 127.1c-9.156 9.156-22.91 11.9-34.88 6.943S64 396.9 64 383.1V128c0-12.94 7.781-24.62 19.75-29.58S109.5 96.23 118.6 105.4z\"><\/path><\/svg><\/span><span class=\"uagb-icon-list__label\">\u200b<strong>Promover la formaci\u00f3n ciudadana y educativa<\/strong> a trav\u00e9s de programas, talleres y proyectos que desarrollen capacidades locales y fortalezcan el tejido social.<br><\/span><\/div>\n\n\n\n<div class=\"wp-block-uagb-icon-list-child uagb-block-8a3d970a\"><a target=\"_self\" aria-label=\"\u200bApoyar procesos de desarrollo comunitario mediante la implementaci\u00f3n de iniciativas sostenibles y democr\u00e1ticas orientadas al empoderamiento de poblaciones en situaci\u00f3n de vulnerabilidad.\u200b\" rel=\"noopener noreferrer\" href=\"#\"> <\/a><span class=\"uagb-icon-list__source-wrap\"><svg xmlns=\"https:\/\/www.w3.org\/2000\/svg\" viewBox=\"0 0 256 512\"><path d=\"M118.6 105.4l128 127.1C252.9 239.6 256 247.8 256 255.1s-3.125 16.38-9.375 22.63l-128 127.1c-9.156 9.156-22.91 11.9-34.88 6.943S64 396.9 64 383.1V128c0-12.94 7.781-24.62 19.75-29.58S109.5 96.23 118.6 105.4z\"><\/path><\/svg><\/span><span class=\"uagb-icon-list__label\">\u200b<strong>Apoyar procesos de desarrollo comunitario<\/strong> mediante la implementaci\u00f3n de iniciativas sostenibles y democr\u00e1ticas orientadas al empoderamiento de poblaciones en situaci\u00f3n de vulnerabilidad.\u200b<\/span><\/div>\n\n\n\n<div class=\"wp-block-uagb-icon-list-child uagb-block-cf6af79b\"><a target=\"_self\" aria-label=\"\u200bConsolidar mecanismos de sostenibilidad financiera mediante la gesti\u00f3n, captaci\u00f3n y recepci\u00f3n de donaciones, fondos, convenios de cooperaci\u00f3n y alianzas con actores nacionales e internacionales comprometidos con el desarrollo social.\" rel=\"noopener noreferrer\" href=\"#\"> <\/a><span class=\"uagb-icon-list__source-wrap\"><svg xmlns=\"https:\/\/www.w3.org\/2000\/svg\" viewBox=\"0 0 256 512\"><path d=\"M118.6 105.4l128 127.1C252.9 239.6 256 247.8 256 255.1s-3.125 16.38-9.375 22.63l-128 127.1c-9.156 9.156-22.91 11.9-34.88 6.943S64 396.9 64 383.1V128c0-12.94 7.781-24.62 19.75-29.58S109.5 96.23 118.6 105.4z\"><\/path><\/svg><\/span><span class=\"uagb-icon-list__label\">\u200b<strong>Consolidar mecanismos de sostenibilidad financiera<\/strong> mediante la gesti\u00f3n, captaci\u00f3n y recepci\u00f3n de donaciones, fondos, convenios de cooperaci\u00f3n y alianzas con actores nacionales e internacionales comprometidos con el desarrollo social.<\/span><\/div>\n<\/div><\/div>\n\n\n\n<div class=\"wp-block-uagb-advanced-heading uagb-block-406523e6\"><h2 class=\"uagb-heading-text\">Objetivos\u200b Espec\u00edficos<\/h2><\/div>\n\n\n\n<div class=\"wp-block-uagb-icon-list uagb-block-7f42d4c0\"><div class=\"uagb-icon-list__wrap\">\n<div class=\"wp-block-uagb-icon-list-child uagb-block-f2ac159e\"><a target=\"_self\" aria-label=\"Dise\u00f1ar, ejecutar y evaluar proyectos sociales con base cient\u00edfica, en colaboraci\u00f3n con actores locales, nacionales e internacionales.\" rel=\"noopener noreferrer\" href=\"#\"> <\/a><span class=\"uagb-icon-list__source-wrap\"><svg xmlns=\"https:\/\/www.w3.org\/2000\/svg\" viewBox=\"0 0 256 512\"><path d=\"M118.6 105.4l128 127.1C252.9 239.6 256 247.8 256 255.1s-3.125 16.38-9.375 22.63l-128 127.1c-9.156 9.156-22.91 11.9-34.88 6.943S64 396.9 64 383.1V128c0-12.94 7.781-24.62 19.75-29.58S109.5 96.23 118.6 105.4z\"><\/path><\/svg><\/span><span class=\"uagb-icon-list__label\">Dise\u00f1ar, ejecutar y evaluar proyectos sociales con base cient\u00edfica, en colaboraci\u00f3n con actores locales, nacionales e internacionales.<br><\/span><\/div>\n\n\n\n<div class=\"wp-block-uagb-icon-list-child uagb-block-31e1e4c8\"><a target=\"_self\" aria-label=\"Generar y difundir conocimientos mediante publicaciones, foros, seminarios y estrategias de divulgaci\u00f3n que fortalezcan el debate acad\u00e9mico y el pensamiento cr\u00edtico.\" rel=\"noopener noreferrer\" href=\"#\"> <\/a><span class=\"uagb-icon-list__source-wrap\"><svg xmlns=\"https:\/\/www.w3.org\/2000\/svg\" viewBox=\"0 0 256 512\"><path d=\"M118.6 105.4l128 127.1C252.9 239.6 256 247.8 256 255.1s-3.125 16.38-9.375 22.63l-128 127.1c-9.156 9.156-22.91 11.9-34.88 6.943S64 396.9 64 383.1V128c0-12.94 7.781-24.62 19.75-29.58S109.5 96.23 118.6 105.4z\"><\/path><\/svg><\/span><span class=\"uagb-icon-list__label\">Generar y difundir conocimientos mediante publicaciones, foros, seminarios y estrategias de divulgaci\u00f3n que fortalezcan el debate acad\u00e9mico y el pensamiento cr\u00edtico.<br><\/span><\/div>\n\n\n\n<div class=\"wp-block-uagb-icon-list-child uagb-block-9ec0b456\"><a target=\"_self\" aria-label=\"\u200bEstablecer alianzas estrat\u00e9gicas con entidades p\u00fablicas, privadas y del tercer sector para la financiaci\u00f3n y sostenibilidad de programas sociales, educativos y de investigaci\u00f3n.\" rel=\"noopener noreferrer\" href=\"#\"> <\/a><span class=\"uagb-icon-list__source-wrap\"><svg xmlns=\"https:\/\/www.w3.org\/2000\/svg\" viewBox=\"0 0 256 512\"><path d=\"M118.6 105.4l128 127.1C252.9 239.6 256 247.8 256 255.1s-3.125 16.38-9.375 22.63l-128 127.1c-9.156 9.156-22.91 11.9-34.88 6.943S64 396.9 64 383.1V128c0-12.94 7.781-24.62 19.75-29.58S109.5 96.23 118.6 105.4z\"><\/path><\/svg><\/span><span class=\"uagb-icon-list__label\">\u200bEstablecer alianzas estrat\u00e9gicas con entidades p\u00fablicas, privadas y del tercer sector para la financiaci\u00f3n y sostenibilidad de programas sociales, educativos y de investigaci\u00f3n.<br><\/span><\/div>\n\n\n\n<div class=\"wp-block-uagb-icon-list-child uagb-block-63a8916d\"><a target=\"_self\" aria-label=\"\u200bIdentificar, formar y acompa\u00f1ar liderazgos comunitarios con capacidad de incidir positivamente en sus entornos locales y regionales.\" rel=\"noopener noreferrer\" href=\"#\"> <\/a><span class=\"uagb-icon-list__source-wrap\"><svg xmlns=\"https:\/\/www.w3.org\/2000\/svg\" viewBox=\"0 0 256 512\"><path d=\"M118.6 105.4l128 127.1C252.9 239.6 256 247.8 256 255.1s-3.125 16.38-9.375 22.63l-128 127.1c-9.156 9.156-22.91 11.9-34.88 6.943S64 396.9 64 383.1V128c0-12.94 7.781-24.62 19.75-29.58S109.5 96.23 118.6 105.4z\"><\/path><\/svg><\/span><span class=\"uagb-icon-list__label\">\u200bIdentificar, formar y acompa\u00f1ar liderazgos comunitarios con capacidad de incidir positivamente en sus entornos locales y regionales.<br><\/span><\/div>\n\n\n\n<div class=\"wp-block-uagb-icon-list-child uagb-block-84b9bed8\"><a target=\"_self\" aria-label=\"\u200bRealizar diagn\u00f3sticos sociales participativos que permitan conocer en profundidad las necesidades de las comunidades y dise\u00f1ar intervenciones contextualizadas.\" rel=\"noopener noreferrer\" href=\"#\"> <\/a><span class=\"uagb-icon-list__source-wrap\"><svg xmlns=\"https:\/\/www.w3.org\/2000\/svg\" viewBox=\"0 0 256 512\"><path d=\"M118.6 105.4l128 127.1C252.9 239.6 256 247.8 256 255.1s-3.125 16.38-9.375 22.63l-128 127.1c-9.156 9.156-22.91 11.9-34.88 6.943S64 396.9 64 383.1V128c0-12.94 7.781-24.62 19.75-29.58S109.5 96.23 118.6 105.4z\"><\/path><\/svg><\/span><span class=\"uagb-icon-list__label\">\u200bRealizar diagn\u00f3sticos sociales participativos que permitan conocer en profundidad las necesidades de las comunidades y dise\u00f1ar intervenciones contextualizadas.<br><\/span><\/div>\n\n\n\n<div class=\"wp-block-uagb-icon-list-child uagb-block-f22a07e8\"><a target=\"_self\" aria-label=\"\u200bGestionar la captaci\u00f3n y administraci\u00f3n de donaciones en dinero o especie, provenientes de personas naturales, empresas, fundaciones, organismos multilaterales y otras entidades solidarias, garantizando su uso \u00e9tico, transparente y alineado con los fines institucionales.\" rel=\"noopener noreferrer\" href=\"#\"> <\/a><span class=\"uagb-icon-list__source-wrap\"><svg xmlns=\"https:\/\/www.w3.org\/2000\/svg\" viewBox=\"0 0 256 512\"><path d=\"M118.6 105.4l128 127.1C252.9 239.6 256 247.8 256 255.1s-3.125 16.38-9.375 22.63l-128 127.1c-9.156 9.156-22.91 11.9-34.88 6.943S64 396.9 64 383.1V128c0-12.94 7.781-24.62 19.75-29.58S109.5 96.23 118.6 105.4z\"><\/path><\/svg><\/span><span class=\"uagb-icon-list__label\">\u200bGestionar la captaci\u00f3n y administraci\u00f3n de donaciones en dinero o especie, provenientes de personas naturales, empresas, fundaciones, organismos multilaterales y otras entidades solidarias, garantizando su uso \u00e9tico, transparente y alineado con los fines institucionales.<\/span><\/div>\n<\/div><\/div>\n<\/div>\n\n\n\n<div class=\"wp-block-uagb-container uagb-block-592144bb\">\n<div class=\"wp-block-uagb-advanced-heading uagb-block-e3b42186\"><h2 class=\"uagb-heading-text\">Valores Institucionales\u200b<\/h2><p class=\"uagb-desc-text\"><br><strong>Compromiso Social<\/strong><br>Trabajamos con vocaci\u00f3n y responsabilidad para generar impactos positivos y sostenibles en las comunidades, priorizando siempre el bienestar colectivo.<br><br><strong>\u00c9tica y Transparencia<\/strong> <br>Mantenemos una conducta \u00edntegra y clara en todas nuestras acciones, rendimos cuentas y promovemos la honestidad como principio fundamental.<br><br><strong>Interdisciplinariedad<\/strong> <br>Integramos m\u00faltiples saberes y disciplinas para abordar los desaf\u00edos sociales de manera integral, creativa y rigurosa.<br><br><strong>Equidad e Inclusi\u00f3n<\/strong><br>Valoramos la diversidad y promovemos la igualdad de oportunidades sin distinci\u00f3n de g\u00e9nero, etnia, religi\u00f3n o condici\u00f3n socioecon\u00f3mica.<br><br><strong>Participaci\u00f3n Ciudadana<\/strong><br>Fomentamos el protagonismo de las personas y comunidades en la toma de decisiones y en la construcci\u00f3n activa de su desarrollo.<br><br><strong>Excelencia Profesional<\/strong><br>Nuestro equipo de trabajo est\u00e1 conformado por profesionales altamente capacitados, comprometidos con la calidad, la innovaci\u00f3n y el aprendizaje continuo.<br><br><strong>Sostenibilidad<\/strong><br>Apostamos por procesos que generen cambios duraderos y respeten el equilibrio ambiental, social y econ\u00f3mico.\u200b<\/p><\/div>\n<\/div>\n<\/div>\n","protected":false},"excerpt":{"rendered":"<p>Acerca de\u200b la OIDECS Fundada en 1.999\u200b Misi\u00f3n\u200b Contribuir al fortalecimiento del desarrollo social sostenible mediante la generaci\u00f3n, aplicaci\u00f3n y transferencia de conocimiento cient\u00edfico en el campo de las ciencias sociales, integrando enfoques interdisciplinarios, metodolog\u00edas participativas y criterios de equidad e inclusi\u00f3n. Orientamos nuestro accionar al dise\u00f1o, ejecuci\u00f3n y evaluaci\u00f3n de proyectos, investigaciones y programas [&hellip;]<\/p>\n","protected":false},"author":1,"featured_media":0,"parent":0,"menu_order":0,"comment_status":"closed","ping_status":"closed","template":"","meta":{"_uag_custom_page_level_css":"","site-sidebar-layout":"no-sidebar","site-content-layout":"plain-container","ast-site-content-layout":"full-width-container","site-content-style":"unboxed","site-sidebar-style":"unboxed","ast-global-header-display":"","ast-banner-title-visibility":"","ast-main-header-display":"","ast-hfb-above-header-display":"","ast-hfb-below-header-display":"","ast-hfb-mobile-header-display":"","site-post-title":"disabled","ast-breadcrumbs-content":"","ast-featured-img":"disabled","footer-sml-layout":"","ast-disable-related-posts":"","theme-transparent-header-meta":"enabled","adv-header-id-meta":"","stick-header-meta":"","header-above-stick-meta":"","header-main-stick-meta":"","header-below-stick-meta":"","astra-migrate-meta-layouts":"set","ast-page-background-enabled":"default","ast-page-background-meta":{"desktop":{"background-color":"","background-image":"","background-repeat":"repeat","background-position":"center center","background-size":"auto","background-attachment":"scroll","background-type":"","background-media":"","overlay-type":"","overlay-color":"","overlay-opacity":"","overlay-gradient":""},"tablet":{"background-color":"","background-image":"","background-repeat":"repeat","background-position":"center center","background-size":"auto","background-attachment":"scroll","background-type":"","background-media":"","overlay-type":"","overlay-color":"","overlay-opacity":"","overlay-gradient":""},"mobile":{"background-color":"","background-image":"","background-repeat":"repeat","background-position":"center center","background-size":"auto","background-attachment":"scroll","background-type":"","background-media":"","overlay-type":"","overlay-color":"","overlay-opacity":"","overlay-gradient":""}},"ast-content-background-meta":{"desktop":{"background-color":"var(--ast-global-color-5)","background-image":"","background-repeat":"repeat","background-position":"center center","background-size":"auto","background-attachment":"scroll","background-type":"","background-media":"","overlay-type":"","overlay-color":"","overlay-opacity":"","overlay-gradient":""},"tablet":{"background-color":"var(--ast-global-color-5)","background-image":"","background-repeat":"repeat","background-position":"center center","background-size":"auto","background-attachment":"scroll","background-type":"","background-media":"","overlay-type":"","overlay-color":"","overlay-opacity":"","overlay-gradient":""},"mobile":{"background-color":"var(--ast-global-color-5)","background-image":"","background-repeat":"repeat","background-position":"center center","background-size":"auto","background-attachment":"scroll","background-type":"","background-media":"","overlay-type":"","overlay-color":"","overlay-opacity":"","overlay-gradient":""}},"footnotes":""},"class_list":["post-218","page","type-page","status-publish","hentry"],"uagb_featured_image_src":{"full":false,"thumbnail":false,"medium":false,"medium_large":false,"large":false,"1536x1536":false,"2048x2048":false},"uagb_author_info":{"display_name":"hf.admin","author_link":"https:\/\/oidecs.org\/?author=1"},"uagb_comment_info":0,"uagb_excerpt":"Acerca de\u200b la OIDECS Fundada en 1.999\u200b Misi\u00f3n\u200b Contribuir al fortalecimiento del desarrollo social sostenible mediante la generaci\u00f3n, aplicaci\u00f3n y transferencia de conocimiento cient\u00edfico en el campo de las ciencias sociales, integrando enfoques interdisciplinarios, metodolog\u00edas participativas y criterios de equidad e inclusi\u00f3n. Orientamos nuestro accionar al dise\u00f1o, ejecuci\u00f3n y evaluaci\u00f3n de proyectos, investigaciones y programas&hellip;","_links":{"self":[{"href":"https:\/\/oidecs.org\/index.php?rest_route=\/wp\/v2\/pages\/218","targetHints":{"allow":["GET"]}}],"collection":[{"href":"https:\/\/oidecs.org\/index.php?rest_route=\/wp\/v2\/pages"}],"about":[{"href":"https:\/\/oidecs.org\/index.php?rest_route=\/wp\/v2\/types\/page"}],"author":[{"embeddable":true,"href":"https:\/\/oidecs.org\/index.php?rest_route=\/wp\/v2\/users\/1"}],"replies":[{"embeddable":true,"href":"https:\/\/oidecs.org\/index.php?rest_route=%2Fwp%2Fv2%2Fcomments&post=218"}],"version-history":[{"count":3,"href":"https:\/\/oidecs.org\/index.php?rest_route=\/wp\/v2\/pages\/218\/revisions"}],"predecessor-version":[{"id":1633,"href":"https:\/\/oidecs.org\/index.php?rest_route=\/wp\/v2\/pages\/218\/revisions\/1633"}],"wp:attachment":[{"href":"https:\/\/oidecs.org\/index.php?rest_route=%2Fwp%2Fv2%2Fmedia&parent=218"}],"curies":[{"name":"wp","href":"https:\/\/api.w.org\/{rel}","templated":true}]}}